 - 67526. Is t composite?
True
Let o = -23111 - -48330. Is o composite?
False
Suppose 3*r - m - 86019 = 0, -2*r + 13*m = 18*m - 57346. Is r a prime number?
False
Let a(k) = -k**2 + 18*k - 14. Let q be a(17). Let z(j) = 39*j**3 - 4*j**2 + 10*j + 2. Is z(q) composite?
False
Suppose 0 = -12*x + 23264 + 61972. Is x composite?
False
Is (-4)/((-64)/7448) - (-3)/2 a composite number?
False
Suppose u - 11 = -5*t - 1, -3*t = -2*u + 7. Suppose 2*k + u*g - 1680 = k, 5*k - 8250 = 5*g. Is k a prime number?
False
Suppose -307 + 19 = -2*q. Suppose -j = -109 - q. Is j composite?
True
Let n be 6*((-4)/(-6))/1. Let b = 294 + -235. Suppose 0 = m + m + t - 104, m + n*t = b. Is m a composite number?
True
Let a be (-8)/(-28) + (-4)/14 + 5. Suppose a*c - 5*k = c + 462, 2*c - 3*k = 230. Is c prime?
False
Let s be (2 + -1 - 0)/((-10)/(-16310)). Let z = 2532 - s. Is z a prime number?
False
Suppose 5*l - 2*x - 48245 = 0, 15*l = 12*l + x + 28947. Is l prime?
True
Suppose -9865 = 5*o - 3*u, 595 - 2561 = o - 2*u. Let c = 3799 + o. Is c prime?
True
Suppose -10*x + 3*x + 277613 = 0. Is x a composite number?
False
Suppose 1394 = 2*h - 4*a, -2840 = -3*h - h - 5*a. Is (h/9)/((-1)/(-3)) a composite number?
True
Let t = 1382 - -120. Is t prime?
False
Let q be ((-2)/(-2))/(2*1/(-22)). Let i(s) = 2*s**2 + 16*s + 13. Is i(q) a composite number?
False
Let h = 20 + -18. Suppose -2219 = -9*p + h*p. Is p a composite number?
False
Suppose q = 2*r - 6*r + 960, 3*q - 12 = 0. Suppose -2*m - x + 181 + r = 0, -3*x = 4*m - 838. Is m a composite number?
False
Let v(l) = 14*l + 5. Suppose 0 = -4*f - 10 + 26. Let x be v(f). Let k = x - 30. Is k composite?
False
Let k be (8/6 + -2)*-6. Let m(t) = t**3 + 10*t**2 + 5*t - 7. Let l be m(-6). Suppose -2*s - s + o + l = 0, -3*o = -k*s + 146. Is s a prime number?
False
Suppose 13 + 43 = 4*j. Let f = -12 + j. Suppose -2*r = 2*c + 2*r - 806, f*r + 411 = c. Is c prime?
False
Suppose 4*z = -s + 5946, -2*s - 329 = -z + 1153. Is z a prime number?
False
Let f be ((-40)/12 - -3)/((-2)/(-726)). Let y = f + 300. Is y a composite number?
False
Let y be (212/6)/((-2)/3). Let l = y + 762. Is l a composite number?
False
Suppose 3*w - 4*v = -0 + 2, -16 = 3*w + 5*v. Let q be 4 + 0 + w - -436. Suppose 4*p = -4*h + 652, 3*h + 2*p = 49 + q. Is h composite?
True
Suppose 5*j = 3*j + 4. Suppose o = 3, -4*t + 7*t - j*o - 663 = 0. Is t composite?
False
Suppose -102*n - 64447 = -119*n. Is n prime?
False
Suppose 0 = -3*s - 12, -j - 5*s - 12 = 1. Is (j/(-5))/((-3)/555) a prime number?
False
Suppose -3136087 = -50*b + 1375263. Is b prime?
True
Let b = 34906 + -18429. Is b a composite number?
False
Let o(b) = 45*b**3 + 8*b**2 + 3*b - 3. Suppose 19 = 14*r - 9. Is o(r) composite?
True
Suppose 4260 = r + 2*t - 4*t, 3*t + 8515 = 2*r. Suppose r = 3*w + 1577. Let g = w - 256. Is g prime?
False
Suppose -31*n = -278533 - 189288. Is n a composite number?
False
Is (1 + 28485)*(-10)/(-20) a prime number?
True
Let h(u) = 34*u + 6. Let d(n) = -n**3 - 3*n**2 - n - 1. Let b be d(-2). Let w be h(b). Let k = 185 + w. Is k a prime number?
True
Let n(a) = -31*a**3 - a**2 - 5*a - 100. Is n(-7) composite?
True
Suppose -170*l = -176*l + 29166. Is l a composite number?
False
Let q(o) = 30*o**2 - o - 11. Let s be q(-6). Suppose 725 = 2*h - 3*f, -3*h + 2*f = -0*f - s. Is h composite?
True
Suppose -16 = -3*w - w. Suppose w = 4*c, 3*b - b - 2838 = -2*c. Is b a prime number?
False
Suppose 5*f = -816 - 44. Let j = f + -214. Let p = -259 - j. Is p prime?
True
Let t = 288 + -594. Let j be (t/24)/(3/(-36)). Suppose 5*i - j = 5*c + 317, 488 = 5*i + c. Is i a prime number?
True
Suppose 112*m - 25059 = 109*m. Is m a prime number?
True
Suppose -5*p = -3*t + 27, -3*t + 6*t - 24 = 4*p. Is (-1)/p*(-3345)/(-5) a composite number?
False
Suppose 4 = 2*a, 132*p = 129*p - 5*a + 56587. Is p composite?
False
Suppose -3*y + 5852 = 5*n, 49 = 2*y + 51. Is n prime?
True
Suppose 2*t - t = 5. Suppose -2*d = -4*s + 6, -t*d - s + 10 = -8. Suppose 3*y - y + 137 = d*f, -y + 49 = f. Is f a composite number?
False
Let n = 12 + -9. Suppose n*i - 2*j + 34 = 0, -8 = -3*j + 7. Is (-658)/i - (-9)/12 a composite number?
False
Let j(g) = g**3 + 6*g**2 + 2*g + 1. Let i be j(-5). Let d be ((-3)/2)/((-12)/i). Is 679 + (d - -2) + -4 prime?
False
Suppose -5*q + 255 + 80 = 0. Suppose -2*z = -p + 47, 4*z - 43 = -2*p + q. Is p a composite number?
True
Suppose -3*m - 80 = -11*m. Suppose m*o + 1516 = 14*o. Is o a composite number?
False
Suppose 28*o = 48*o - 120440. Is o composite?
True
Let r(n) = -6*n**2 + 16*n + 2. Let c(g) = g**2 - g. Let s(w) = -5*c(w) - r(w). Let u be s(8). Let k = -17 - u. Is k composite?
True
Let s = 6640 - 4134. Suppose -3*t - 145 = -m - s, -3935 = -5*t - m. Is t prime?
True
Let z = 136 - 76. Suppose -2*n - z = -398. Is n prime?
False
Let d(c) = -c**2 - 5*c + 13. Let r be d(-9). Let k = r + 26. Suppose -k*n = -0*n - 138. Is n prime?
False
Let b = 274 - 647. Suppose -75 = -u - 4*u. Is b/(-6) - u/90 composite?
True
Let j = 198652 + -102407. Is j a composite number?
True
Is (-6 - -4)/(18/(-116829)) composite?
True
Suppose -5*k = -v - 4191, -1780 = -4*k - 2*v + 1584. Is k a prime number?
True
Suppose -5*d - 7378 - 48527 = -5*u, 2*u = 4*d + 22370. Suppose 4 = -2*q, 5*z + 2*q = -2*q + u. Is z composite?
False
Suppose -4*z = 8, 2*v + 2*z + 34 = v. Is 4874/10 - v/(-75) composite?
False
Suppose 5*q - 2*q - 8781 = 0. Is q a prime number?
True
Suppose 2*d - 802 = 244. Let s be (10/(-25))/((-2)/20). Suppose 5*v - 2*v - 269 = -2*f, s*f + 3*v - d = 0. Is f composite?
False
Let g = 43850 + -19369. Is g prime?
True
Suppose 4*v - 737 = -2489. Let x(c) = -1235*c + 46. Let k be x(1). Let q = v - k. Is q prime?
True
Let w(x) = 11*x - 22. Suppose v - 3 = 0, -k - 5*v + 14 = -2*v. Is w(k) a composite number?
True
Let u = -2564 + 6329. Let o = u + -2664. Is o a prime number?
False
Is (2/6)/(3/24291) prime?
True
Let p be 0/2*(14 + -13). Suppose -4*y + 3148 = -p*y. Is y composite?
False
Let c(o) = -184*o + 45. Is c(-6) composite?
True
Is (36/20)/3 + 154508/20 composite?
True
Let t be ((-3)/4 - -1) + (-234164)/(-112). Let w = t + -1004. Is w prime?
True
Suppose 5*f = -1273 + 3368. Is f composite?
False
Let v be (-34 + 4)*-1 - 2. Suppose 6*b - v = -b. Suppose b*r - 2*r - a - 785 = 0, 5 = 5*a. Is r prime?
False
Suppose 0 = -3*a + 4*j + 3031, 0*a - j - 2014 = -2*a. Let c = 672 - a. Let k = c + 780. Is k prime?
False
Let c(b) = 555*b**3 + 7*b**2 - 18*b + 19. Is c(3) a composite number?
False
Let r be (-2)/(-9) - 125/(-45). Suppose 5*l + 2*g = 18, 5*l - 7*g - 26 = -11*g. Suppose r*n = -15, -83 - 539 = -4*i - l*n. Is i composite?
True
Let f be (12/(-10))/(4/10). Let i = -5 - f. Is (-106)/i + -3 + 3 a composite number?
False
Suppose -124 = -3*v + v. Let m be (-28)/154 - v/22. Is (-881)/m + 12/(-18) a composite number?
False
Suppose -5*x + 2 = 3*h, -x = -0*h - 2*h + 23. Suppose -2*y - y - h = 0, 3*v + 2*y - 9 = 0. Suppose -p = -5*s - 15 - 0, -3*s = v*p - 75. Is p prime?
False
Let s(w) = -97*w**3 - 3*w**2 - 7*w - 25. Is s(-4) a prime number?
True
Suppose 5*a = -287 + 16492. Is a a prime number?
False
Let k(d) = 49*d**2 - 8*d - 7. Let y(p) = -p**2 - p. Let l(a) = k(a) + 5*y(a). Is l(8) a prime number?
False
Let m(u) = -u**3 + 28*u**2 + u + 43. Is m(24) a prime number?
True
Is (5 - (-65)/(-5)) + 6457 composite?
False
Is 3 + (-4 + 1526)*-1*-2 composite?
True
Is (3/(-6))/((-5)/395030) composite?
False
Let d be 22*(3 + 5/(-2)). Let x = d + -9. Suppose q + 3*r = -x*r + 19, 0 = -4*q + 4*r + 172. Is q a prime number?
False
Suppose 20 = 5*z + 5. Suppose -582 = -2*s - h, -z*s + h = -611 - 262. Is s prime?
False
Is (159589 - -1)/(4/2) a composite number?
True
Is (5650 - 2) + 4/(-4) composite?
False
Let j(y) = 279*y - 1. Let h(c) = 278*c. Let p(g) = -6*h(g) + 5*j(g). Suppose -10 = 5*n - 0. Is p(n) a composite number?
False
Suppose g + 2*x - 22815 = 0, -14*x = -9*x + 20. Is g a composite number?
True
Let i(s) = -43*s - 5. Let o(n) be the first derivative of -11*n**2/2 - n - 7. Let a(t) = -2*i(t) + 9*o(t). Is a(-1) composite?
True
Suppose 10*r - 2708 = 6*r. Is r a prime number?
True
Let f(w) = w**2. Let i be f(8). Let k(s) = 7*s**2 + 4*s + 15. Let z be k(-6). Let a = z + i. Is a a composite number?
False
Let d(r) = -21 - 10 + 37 - 19 - 81*r. Is d(-12) a prime number?
False
Le